{"id":902,"date":"2018-12-10T08:19:15","date_gmt":"2018-12-10T07:19:15","guid":{"rendered":"https:\/\/thelma.mikado-themes.com\/?page_id=902"},"modified":"2023-01-17T15:48:53","modified_gmt":"2023-01-17T14:48:53","slug":"actualites","status":"publish","type":"page","link":"https:\/\/www.gourmandaz.ch\/wordpress\/actualites\/","title":{"rendered":"Actualit\u00e9s"},"content":{"rendered":"<p>[vc_row][vc_column]<div class=\"mkdf-section-title-holder  mkdf-st-standard mkdf-st-title-left mkdf-st-normal-space \" >\n\t<div class=\"mkdf-st-inner\">\n\t\t\t\t\t<span class=\"mkdf-st-subtitle\" >\n\t\t\t\tnos actualit\u00e9s\t\t\t<\/span>\n\t\t\t\t\t\t\t<h2 class=\"mkdf-st-title\" >\n\t\t\t\tBlablaabl\t\t\t<\/h2>\n\t\t\t\t\t\t\t<h4 class=\"mkdf-st-text\" >\n\t\t\t\tblabalbalablabalb\t\t\t<\/h4>\n\t\t\t<\/div>\n<\/div>[vc_empty_space][\/vc_column][\/vc_row][vc_row gap=\u00a0\u00bb15&Prime; equal_height=\u00a0\u00bbyes\u00a0\u00bb content_placement=\u00a0\u00bbmiddle\u00a0\u00bb row_content_width=\u00a0\u00bbgrid\u00a0\u00bb][vc_column]<div class=\"mkdf-blog-list-holder mkdf-grid-list mkdf-grid-masonry-list mkdf-disable-bottom-space mkdf-bl-masonry mkdf-one-columns mkdf-normal-space mkdf-bl-pag-infinite-scroll\"  data-type=masonry data-number-of-posts=all data-number-of-columns=one data-space-between-items=normal data-orderby=date data-order=ASC data-image-size=thelma_mikado_image_landscape data-title-tag=h3 data-title-transform=capitalize data-excerpt-length=40 data-read-more-button=yes data-post-info-section=no data-post-info-image=no data-post-info-author=yes data-post-info-date=yes data-post-info-category=yes data-pagination-type=infinite-scroll data-max-num-pages=16 data-next-page=2>\n\t<div class=\"mkdf-bl-wrapper mkdf-outer-space\">\n\t\t<ul class=\"mkdf-blog-list mkdf-masonry-list-wrapper\">\n\t\t\t<li class=\"mkdf-masonry-grid-sizer\"><\/li>\n\t\t\t<li class=\"mkdf-masonry-grid-gutter\"><\/li>\n\t\t\t<li class=\"mkdf-bl-item mkdf-item-space\">\n\t<div class=\"mkdf-bli-inner\">\n\t\t\t\t\n\t\t\t\t\n\t\t\n\t\t<div class=\"mkdf-bli-content\">\n\t\t\t\t\t\t\n\t\t\t\n<h3 itemprop=\"name\" class=\"entry-title mkdf-post-title\" style=\"text-transform: capitalize\">\n            <a itemprop=\"url\" href=\"https:\/\/www.gourmandaz.ch\/wordpress\/2021\/02\/19\/passerille-is-back-in-stock\/\" title=\"Le Passerill\u00e9 est de nouveau en stock !\">\n            Le Passerill\u00e9 est de nouveau en stock !            <\/a>\n    <\/h3>\t\t\t\n\t\t\t<div class=\"mkdf-bli-excerpt\">\n\t\t\t\t\t\t<div class=\"mkdf-post-excerpt-holder\">\n\t\t\t<p itemprop=\"description\" class=\"mkdf-post-excerpt\">\n\t\t\t\tApr\u00e8s une petite absence, notre Passerill\u00e9 est de nouveau en stock. Le mill\u00e9sime 2019 suit les traces du 2015 : un vin doux issu de chardonnay et de pinot gris dont les grappes ont \u00e9t\u00e9 s\u00e9ch\u00e9es durant 3 mois en\t\t\t<\/p>\n\t\t<\/div>\n\t\t\t\t\t\n\t\t\t\t\t<div class=\"mkdf-post-read-more-button\">\n\t\t<a itemprop=\"url\" href=\"https:\/\/www.gourmandaz.ch\/wordpress\/2021\/02\/19\/passerille-is-back-in-stock\/\" target=\"_self\"  class=\"mkdf-btn mkdf-btn-medium mkdf-btn-simple mkdf-blog-list-button\"  >    <span class=\"mkdf-btn-text\">Read More<\/span>    <\/a>\t<\/div>\n\t\t\t<\/div>\n\t\t<\/div>\n\t<\/div>\n<\/li>\t\t<\/ul>\n\t<\/div>\n\t\t<div class=\"mkdf-blog-pag-loading\">\n\t\t<div class=\"mkdf-blog-pag-bounce1\"><\/div>\n\t\t<div class=\"mkdf-blog-pag-bounce2\"><\/div>\n\t\t<div class=\"mkdf-blog-pag-bounce3\"><\/div>\n\t<\/div>\n<\/div>[\/vc_column][\/vc_row]<\/p>\n","protected":false},"excerpt":{"rendered":"<p>[vc_row][vc_column][vc_empty_space][\/vc_column][\/vc_row][vc_row gap=\u00a0\u00bb15&Prime; equal_height=\u00a0\u00bbyes\u00a0\u00bb content_placement=\u00a0\u00bbmiddle\u00a0\u00bb row_content_width=\u00a0\u00bbgrid\u00a0\u00bb][vc_column][\/vc_column][\/vc_row]<\/p>\n","protected":false},"author":1,"featured_media":42,"parent":0,"menu_order":0,"comment_status":"closed","ping_status":"closed","template":"blog-standard","meta":{"_acf_changed":false,"footnotes":""},"class_list":["post-902","page","type-page","status-publish","has-post-thumbnail","hentry"],"acf":[],"yoast_head":"<!-- This site is optimized with the Yoast SEO plugin v14.4.1 - https:\/\/yoast.com\/wordpress\/plugins\/seo\/ -->\n<title>Actualit\u00e9s &bull; Domaine de Gourmandaz<\/title>\n<meta name=\"robots\" content=\"index, follow\" \/>\n<meta name=\"googlebot\" content=\"index, follow, max-snippet:-1, max-image-preview:large, max-video-preview:-1\" \/>\n<meta name=\"bingbot\" content=\"index, follow, max-snippet:-1, max-image-preview:large, max-video-preview:-1\" \/>\n<link rel=\"canonical\" href=\"https:\/\/www.gourmandaz.ch\/wordpress\/actualites\/\" \/>\n<meta property=\"og:locale\" content=\"fr_FR\" \/>\n<meta property=\"og:type\" content=\"article\" \/>\n<meta property=\"og:title\" content=\"Actualit\u00e9s &bull; Domaine de Gourmandaz\" \/>\n<meta property=\"og:description\" content=\"[vc_row][vc_column][vc_empty_space][\/vc_column][\/vc_row][vc_row gap=\u00a0\u00bb15&Prime; equal_height=\u00a0\u00bbyes\u00a0\u00bb content_placement=\u00a0\u00bbmiddle\u00a0\u00bb row_content_width=\u00a0\u00bbgrid\u00a0\u00bb][vc_column][\/vc_column][\/vc_row]\" \/>\n<meta property=\"og:url\" content=\"https:\/\/www.gourmandaz.ch\/wordpress\/actualites\/\" \/>\n<meta property=\"og:site_name\" content=\"Domaine de Gourmandaz\" \/>\n<meta property=\"article:publisher\" content=\"https:\/\/fr-fr.facebook.com\/domaineGourmandaz\/\" \/>\n<meta property=\"article:author\" content=\"https:\/\/www.facebook.com\/domaineGourmandaz\/\" \/>\n<meta property=\"article:modified_time\" content=\"2023-01-17T14:48:53+00:00\" \/>\n<meta property=\"og:image\" content=\"https:\/\/www.gourmandaz.ch\/wordpress\/wp-content\/uploads\/2016\/04\/Gdzsuchetvaulionsept04.jpg\" \/>\n\t<meta property=\"og:image:width\" content=\"555\" \/>\n\t<meta property=\"og:image:height\" content=\"740\" \/>\n<meta name=\"twitter:card\" content=\"summary_large_image\" \/>\n<script type=\"application\/ld+json\" class=\"yoast-schema-graph\">{\"@context\":\"https:\/\/schema.org\",\"@graph\":[{\"@type\":\"Organization\",\"@id\":\"https:\/\/www.gourmandaz.ch\/wordpress\/#organization\",\"name\":\"Domaine de Gourmandaz\",\"url\":\"https:\/\/www.gourmandaz.ch\/wordpress\/\",\"sameAs\":[\"https:\/\/fr-fr.facebook.com\/domaineGourmandaz\/\",\"https:\/\/www.instagram.com\/domainedegourmandaz\/\"],\"logo\":{\"@type\":\"ImageObject\",\"@id\":\"https:\/\/www.gourmandaz.ch\/wordpress\/#logo\",\"inLanguage\":\"fr-FR\",\"url\":\"https:\/\/www.gourmandaz.ch\/wordpress\/wp-content\/uploads\/2020\/06\/Logo_Gourmandaz_rouge_mobile.png\",\"width\":239,\"height\":95,\"caption\":\"Domaine de Gourmandaz\"},\"image\":{\"@id\":\"https:\/\/www.gourmandaz.ch\/wordpress\/#logo\"}},{\"@type\":\"WebSite\",\"@id\":\"https:\/\/www.gourmandaz.ch\/wordpress\/#website\",\"url\":\"https:\/\/www.gourmandaz.ch\/wordpress\/\",\"name\":\"Domaine de Gourmandaz\",\"description\":\"Qui sait d\\u00e9guster ne boit plus jamais des vins mais go\\u00fbte des secrets. Dali\",\"publisher\":{\"@id\":\"https:\/\/www.gourmandaz.ch\/wordpress\/#organization\"},\"potentialAction\":[{\"@type\":\"SearchAction\",\"target\":\"https:\/\/www.gourmandaz.ch\/wordpress\/?s={search_term_string}\",\"query-input\":\"required name=search_term_string\"}],\"inLanguage\":\"fr-FR\"},{\"@type\":\"ImageObject\",\"@id\":\"https:\/\/www.gourmandaz.ch\/wordpress\/actualites\/#primaryimage\",\"inLanguage\":\"fr-FR\",\"url\":\"https:\/\/www.gourmandaz.ch\/wordpress\/wp-content\/uploads\/2016\/04\/Gdzsuchetvaulionsept04.jpg\",\"width\":555,\"height\":740,\"caption\":\"Domaine\"},{\"@type\":\"WebPage\",\"@id\":\"https:\/\/www.gourmandaz.ch\/wordpress\/actualites\/#webpage\",\"url\":\"https:\/\/www.gourmandaz.ch\/wordpress\/actualites\/\",\"name\":\"Actualit\\u00e9s &bull; Domaine de Gourmandaz\",\"isPartOf\":{\"@id\":\"https:\/\/www.gourmandaz.ch\/wordpress\/#website\"},\"primaryImageOfPage\":{\"@id\":\"https:\/\/www.gourmandaz.ch\/wordpress\/actualites\/#primaryimage\"},\"datePublished\":\"2018-12-10T07:19:15+00:00\",\"dateModified\":\"2023-01-17T14:48:53+00:00\",\"inLanguage\":\"fr-FR\",\"potentialAction\":[{\"@type\":\"ReadAction\",\"target\":[\"https:\/\/www.gourmandaz.ch\/wordpress\/actualites\/\"]}]}]}<\/script>\n<!-- \/ Yoast SEO plugin. -->","_links":{"self":[{"href":"https:\/\/www.gourmandaz.ch\/wordpress\/wp-json\/wp\/v2\/pages\/902","targetHints":{"allow":["GET"]}}],"collection":[{"href":"https:\/\/www.gourmandaz.ch\/wordpress\/wp-json\/wp\/v2\/pages"}],"about":[{"href":"https:\/\/www.gourmandaz.ch\/wordpress\/wp-json\/wp\/v2\/types\/page"}],"author":[{"embeddable":true,"href":"https:\/\/www.gourmandaz.ch\/wordpress\/wp-json\/wp\/v2\/users\/1"}],"replies":[{"embeddable":true,"href":"https:\/\/www.gourmandaz.ch\/wordpress\/wp-json\/wp\/v2\/comments?post=902"}],"version-history":[{"count":17,"href":"https:\/\/www.gourmandaz.ch\/wordpress\/wp-json\/wp\/v2\/pages\/902\/revisions"}],"predecessor-version":[{"id":4867,"href":"https:\/\/www.gourmandaz.ch\/wordpress\/wp-json\/wp\/v2\/pages\/902\/revisions\/4867"}],"wp:featuredmedia":[{"embeddable":true,"href":"https:\/\/www.gourmandaz.ch\/wordpress\/wp-json\/wp\/v2\/media\/42"}],"wp:attachment":[{"href":"https:\/\/www.gourmandaz.ch\/wordpress\/wp-json\/wp\/v2\/media?parent=902"}],"curies":[{"name":"wp","href":"https:\/\/api.w.org\/{rel}","templated":true}]}}

Actualités

<p>[vc_row][vc_column]<div class="mkdf-section-title-holder  mkdf-st-standard mkdf-st-title-left mkdf-st-normal-space " >
	<div class="mkdf-st-inner">
					<span class="mkdf-st-subtitle" >
				nos actualités			</span>
							<h2 class="mkdf-st-title" >
				Blablaabl			</h2>
							<h4 class="mkdf-st-text" >
				blabalbalablabalb			</h4>
			</div>
</div>[vc_empty_space][/vc_column][/vc_row][vc_row gap= »15&Prime; equal_height= »yes » content_placement= »middle » row_content_width= »grid »][vc_column]<div class="mkdf-blog-list-holder mkdf-grid-list mkdf-grid-masonry-list mkdf-disable-bottom-space mkdf-bl-masonry mkdf-one-columns mkdf-normal-space mkdf-bl-pag-infinite-scroll"  data-type=masonry data-number-of-posts=all data-number-of-columns=one data-space-between-items=normal data-orderby=date data-order=ASC data-image-size=thelma_mikado_image_landscape data-title-tag=h3 data-title-transform=capitalize data-excerpt-length=40 data-read-more-button=yes data-post-info-section=no data-post-info-image=no data-post-info-author=yes data-post-info-date=yes data-post-info-category=yes data-pagination-type=infinite-scroll data-max-num-pages=16 data-next-page=2>
	<div class="mkdf-bl-wrapper mkdf-outer-space">
		<ul class="mkdf-blog-list mkdf-masonry-list-wrapper">
			<li class="mkdf-masonry-grid-sizer"></li>
			<li class="mkdf-masonry-grid-gutter"></li>
			<li class="mkdf-bl-item mkdf-item-space">
	<div class="mkdf-bli-inner">
				
				
		
		<div class="mkdf-bli-content">
						
			
<h3 itemprop="name" class="entry-title mkdf-post-title" style="text-transform: capitalize">
            <a itemprop="url" href="https://www.gourmandaz.ch/wordpress/2021/02/19/passerille-is-back-in-stock/" title="Le Passerillé est de nouveau en stock !">
            Le Passerillé est de nouveau en stock !            </a>
    </h3>			
			<div class="mkdf-bli-excerpt">
						<div class="mkdf-post-excerpt-holder">
			<p itemprop="description" class="mkdf-post-excerpt">
				Après une petite absence, notre Passerillé est de nouveau en stock. Le millésime 2019 suit les traces du 2015 : un vin doux issu de chardonnay et de pinot gris dont les grappes ont été séchées durant 3 mois en			</p>
		</div>
					
					<div class="mkdf-post-read-more-button">
		<a itemprop="url" href="https://www.gourmandaz.ch/wordpress/2021/02/19/passerille-is-back-in-stock/" target="_self"  class="mkdf-btn mkdf-btn-medium mkdf-btn-simple mkdf-blog-list-button"  >    <span class="mkdf-btn-text">Read More</span>    </a>	</div>
			</div>
		</div>
	</div>
</li>		</ul>
	</div>
		<div class="mkdf-blog-pag-loading">
		<div class="mkdf-blog-pag-bounce1"></div>
		<div class="mkdf-blog-pag-bounce2"></div>
		<div class="mkdf-blog-pag-bounce3"></div>
	</div>
</div>[/vc_column][/vc_row]</p>

<!-- This site is optimized with the Yoast SEO plugin v14.4.1 - https://yoast.com/wordpress/plugins/seo/ -->
<title>Actualités &bull; Domaine de Gourmandaz</title>
<meta name="robots" content="index, follow" />
<meta name="googlebot" content="index, follow, max-snippet:-1, max-image-preview:large, max-video-preview:-1" />
<meta name="bingbot" content="index, follow, max-snippet:-1, max-image-preview:large, max-video-preview:-1" />
<link rel="canonical" href="https://www.gourmandaz.ch/wordpress/actualites/" />
<meta property="og:locale" content="fr_FR" />
<meta property="og:type" content="article" />
<meta property="og:title" content="Actualités &bull; Domaine de Gourmandaz" />
<meta property="og:description" content="[vc_row][vc_column][vc_empty_space][/vc_column][/vc_row][vc_row gap= »15&Prime; equal_height= »yes » content_placement= »middle » row_content_width= »grid »][vc_column][/vc_column][/vc_row]" />
<meta property="og:url" content="https://www.gourmandaz.ch/wordpress/actualites/" />
<meta property="og:site_name" content="Domaine de Gourmandaz" />
<meta property="article:publisher" content="https://fr-fr.facebook.com/domaineGourmandaz/" />
<meta property="article:author" content="https://www.facebook.com/domaineGourmandaz/" />
<meta property="article:modified_time" content="2023-01-17T14:48:53+00:00" />
<meta property="og:image" content="https://www.gourmandaz.ch/wordpress/wp-content/uploads/2016/04/Gdzsuchetvaulionsept04.jpg" />
	<meta property="og:image:width" content="555" />
	<meta property="og:image:height" content="740" />
<meta name="twitter:card" content="summary_large_image" />
<script type="application/ld+json" class="yoast-schema-graph">{"@context":"https://schema.org","@graph":[{"@type":"Organization","@id":"https://www.gourmandaz.ch/wordpress/#organization","name":"Domaine de Gourmandaz","url":"https://www.gourmandaz.ch/wordpress/","sameAs":["https://fr-fr.facebook.com/domaineGourmandaz/","https://www.instagram.com/domainedegourmandaz/"],"logo":{"@type":"ImageObject","@id":"https://www.gourmandaz.ch/wordpress/#logo","inLanguage":"fr-FR","url":"https://www.gourmandaz.ch/wordpress/wp-content/uploads/2020/06/Logo_Gourmandaz_rouge_mobile.png","width":239,"height":95,"caption":"Domaine de Gourmandaz"},"image":{"@id":"https://www.gourmandaz.ch/wordpress/#logo"}},{"@type":"WebSite","@id":"https://www.gourmandaz.ch/wordpress/#website","url":"https://www.gourmandaz.ch/wordpress/","name":"Domaine de Gourmandaz","description":"Qui sait d\u00e9guster ne boit plus jamais des vins mais go\u00fbte des secrets. Dali","publisher":{"@id":"https://www.gourmandaz.ch/wordpress/#organization"},"potentialAction":[{"@type":"SearchAction","target":"https://www.gourmandaz.ch/wordpress/?s={search_term_string}","query-input":"required name=search_term_string"}],"inLanguage":"fr-FR"},{"@type":"ImageObject","@id":"https://www.gourmandaz.ch/wordpress/actualites/#primaryimage","inLanguage":"fr-FR","url":"https://www.gourmandaz.ch/wordpress/wp-content/uploads/2016/04/Gdzsuchetvaulionsept04.jpg","width":555,"height":740,"caption":"Domaine"},{"@type":"WebPage","@id":"https://www.gourmandaz.ch/wordpress/actualites/#webpage","url":"https://www.gourmandaz.ch/wordpress/actualites/","name":"Actualit\u00e9s &bull; Domaine de Gourmandaz","isPartOf":{"@id":"https://www.gourmandaz.ch/wordpress/#website"},"primaryImageOfPage":{"@id":"https://www.gourmandaz.ch/wordpress/actualites/#primaryimage"},"datePublished":"2018-12-10T07:19:15+00:00","dateModified":"2023-01-17T14:48:53+00:00","inLanguage":"fr-FR","potentialAction":[{"@type":"ReadAction","target":["https://www.gourmandaz.ch/wordpress/actualites/"]}]}]}</script>
<!-- / Yoast SEO plugin. -->
